he hundreds digit of 19915?
9
What is the units digit of 244?
4
What is the tens digit of 1834?
3
What is the hundreds digit of 5841?
8
What is the thousands digit of 6202?
6
What is the thousands digit of 4587?
4
What is the thousands digit of 2053?
2
What is the thousands digit of 25226?
5
What is the hundreds digit of 1467?
4
What is the units digit of 2223?
3
What is the thousands digit of 5393?
5
What is the hundreds digit of 2945?
9
What is the ten thousands digit of 110819?
1
What is the units digit of 1325?
5
What is the thousands digit of 1684?
1
What is the ten thousands digit of 133553?
3
What is the hundreds digit of 22878?
8
What is the thousands digit of 4948?
4
What is the ten thousands digit of 13667?
1
What is the tens digit of 422?
2
What is the units digit of 44645?
5
What is the tens digit of 2675?
7
What is the tens digit of 10771?
7
What is the units digit of 151558?
8
What is the hundreds digit of 1129?
1
What is the ten thousands digit of 10033?
1
What is the thousands digit of 1746?
1
What is the ten thousands digit of 34235?
3
What is the ten thousands digit of 17100?
1
What is the tens digit of 4930?
3
What is the tens digit of 2562?
6
What is the thousands digit of 2785?
2
What is the thousands digit of 55241?
5
What is the thousands digit of 2039?
2
What is the hundreds digit of 896?
8
What is the hundreds digit of 1835?
8
What is the hundreds digit of 20603?
6
What is the tens digit of 1450?
5
What is the tens digit of 15439?
3
What is the thousands digit of 8051?
8
What is the ten thousands digit of 10849?
1
What is the hundreds digit of 8326?
3
What is the thousands digit of 78393?
8
What is the hundreds digit of 269?
2
What is the tens digit of 918?
1
What is the hundreds digit of 588?
5
What is the units digit of 1102?
2
What is the tens digit of 52341?
4
What is the ten thousands digit of 60278?
6
What is the tens digit of 11732?
3
What is the tens digit of 39237?
3
What is the hundreds digit of 4162?
1
What is the tens digit of 129?
2
What is the units digit of 978?
8
What is the units digit of 760?
0
What is the hundreds digit of 2533?
5
What is the ten thousands digit of 64224?
6
What is the tens digit of 108451?
5
What is the thousands digit of 1946?
1
What is the hundreds digit of 11133?
1
What is the units digit of 30506?
6
What is the thousands digit of 25172?
5
What is the tens digit of 824?
2
What is the ten thousands digit of 75683?
7
What is the hundreds digit of 22748?
7
What is the tens digit of 324?
2
What is the tens digit of 4182?
8
What is the ten thousands digit of 24065?
2
What is the tens digit of 136227?
2
What is the thousands digit of 149240?
9
What is the hundreds digit of 10527?
5
What is the units digit of 7438?
8
What is the hundreds digit of 3150?
1
What is the ten thousands digit of 10597?
1
What is the tens digit of 9871?
7
What is the units digit of 7?
7
What is the hundreds digit of 4158?
1
What is the hundreds digit of 887?
8
What is the hundreds digit of 11684?
6
What is the units digit of 16331?
1
What is the tens digit of 98664?
6
What is the tens digit of 11344?
4
What is the units digit of 710?
0
What is the units digit of 3223?
3
What is the tens digit of 1917?
1
What is the tens digit of 11376?
7
What is the hundreds digit of 4074?
0
What is the ten thousands digit of 23473?
2
What is the units digit of 5562?
2
What is the hundreds digit of 807?
8
What is the units digit of 71189?
9
What is the tens digit of 3068?
6
What is the tens digit of 8081?
8
What is the ten thousands digit of 57119?
5
What is the hundreds digit of 16741?
7
What is the tens digit of 12379?
7
What is the thousands digit of 39831?
9
What is the thousands digit of 5532?
5
What is the thousands digit of 25754?
5
What is the units digit of 2695?
5
What is the thousands digit of 23144?
3
What is the thousands digit of 77241?
7
What is the hundreds digit of 8836?
8
What is the ten thousands digit of 37320?
3
What is the thousands digit of 34190?
4
What is the hundreds digit of 71836?
8
What is the tens digit of 62054?
5
What is the hundreds digit of 16301?
3
What is the units digit of 138847?
7
What is the units digit of 585?
5
What is the hundreds digit of 5279?
2
What is the hundreds digit of 6967?
9
What is the thousands digit of 10331?
0
What is the tens digit of 4430?
3
What is the tens digit of 1403?
0
What is the tens digit of 6286?
8
What is the thousands digit of 2727?
2
What is the tens digit of 5709?
0
What is the units digit of 31439?
9
What is the tens digit of 7533?
3
What is the tens digit of 2350?
5
What is the thousands digit of 42679?
2
What is the units digit of 9573?
3
What is the tens digit of 2119?
1
What is the units digit of 5844?
4
What is the thousands digit of 2784?
2
What is the units digit of 385?
5
What is the hundreds digit of 47119?
1
What is the tens digit of 1070?
7
What is the ten thousands digit of 30745?
3
What is the thousands digit of 10382?
0
What is the units digit of 401?
1
What is the tens digit of 1272?
7
What is the hundreds digit of 18534?
5
What is the hundreds digit of 671?
6
What is the tens digit of 83?
8
What is the tens digit of 2171?
7
What is the units digit of 41289?
9
What is the units digit of 20547?
7
What is the thousands digit of 10846?
0
What is the thousands digit of 2048?
2
What is the units digit of 3063?
3
What is the thousands digit of 4864?
4
What is the tens digit of 2092?
9
What is the tens digit of 8618?
1
What is the units digit of 2888?
8
What is the tens digit of 2096?
9
What is the units digit of 383?
3
What is the ten thousands digit of 75163?
7
What is the units digit of 99947?
7
What is the units digit of 962?
2
What is the tens digit of 24804?
0
What is the tens digit of 25522?
2
What is the hundreds digit of 46426?
4
What is the units digit of 6722?
2
What is the tens digit of 22262?
6
What is the tens digit of 9193?
9
What is the units digit of 1570?
0
What is the units digit of 17144?
4
What is the units digit of 1807?
7
What is the thousands digit of 21180?
1
What is the units digit of 64028?
8
What is the thousands digit of 2001?
2
What is the hundreds digit of 8044?
0
What is the ten thousands digit of 43014?
4
What is the hundreds digit of 2731?
7
What is the ten thousands digit of 42480?
4
What is the tens digit of 3089?
8
What is the thousands digit of 18568?
8
What is the hundreds digit of 1744?
7
What is the units digit of 33162?
2
What is the tens digit of 319?
1
What is the tens digit of 424?
2
What is the ten thousands digit of 26619?
2
What is the thousands digit of 5594?
5
What is the hundreds digit of 58568?
5
What is the thousands digit of 9228?
9
What is the units digit of 1057?
7
What is the hundreds digit of 2255?
2
What is the thousands digit of 26159?
6
What is the tens digit of 1434?
3
What is the thousands digit of 11237?
1
What is the thousands digit of 48052?
8
What is the tens digit of 24269?
6
What is the ten thousands digit of 31047?
3
What is the units digit of 502?
2
What is the units digit of 3?
3
What is the tens digit of 851?
5
What is the tens digit of 898?
9
What is the hundreds digit of 13923?
9
What is the tens digit of 1258?
5
What is the tens digit of 51431?
3
What is the tens digit of 772?
7
What is the hundreds digit of 132938?
9
What is the tens digit of 442?
4
What is the units digit of 6859?
9
What is the tens digit of 204?
0
What is the thousands digit of 9115?
9
What is the units digit of 913?
3
What is the units digit of 14950?
0
What is the units digit of 7613?
3
What is the units digit of 31378?
8
What is the thousands digit of 9507?
9
What is the units digit of 4065?
5
What is the units digit of 11890?
0
What is the units digit of 4510?
0
What is the units digit of 1923?
3
What is the tens digit of 338?
3
What is the tens digit of 1097?
9
What is the units digit of 81556?
6
What is the units digit of 5314?
4
What is the units digit of 2671?
1
What is the thousands digit of 9233?
9
What is the units digit of 2024?
4
What is the thousands digit of 3548?
3
What is the hundreds digit of 14316?
3
What is the thousands digit of 29118?
9
What is the thousands digit of 123824?
3
What is the hundred thousands digit of 104785?
1
What is the hundreds digit of 584?
5
What is the hun